g + 178, g = -m - m + 181. Let j(f) = -19*f**3 + 4*f + 3. Let r be j(-1). What is the greatest common factor of r and m?
18
Suppose 0 = -2*g - 2*d + 3946, 13995 - 4146 = 5*g - 3*d. Let t be g/15 + 1 + (-4)/10. What is the highest common factor of 88 and t?
44
Suppose a - l = 8, a - 6*l = -2*l - 4. Let s(t) = 162*t**2 - 2*t. Let c be s(1). Let i = -28 + c. What is the greatest common divisor of a and i?
12
Let z be ((-4200)/16)/7*2/(-3). What is the highest common factor of 20 and z?
5
Let j be (-96)/(-7) + 4/14. Let m = 16 - j. Suppose -5*p + 81 = -m*p. What is the greatest common factor of 3 and p?
3
Let i be (-18)/4*(-30)/45. Suppose -2*n - 3*t = -35, 5 = 2*n - 0*n - i*t. Calculate the greatest common divisor of 80 and n.
10
Let o = -926 + 1751. What is the highest common divisor of 22 and o?
11
Suppose -446*x + 451*x = 3*z + 216, 141 = 3*x + 2*z. Suppose 0*c = 3*c - 54. Calculate the greatest common divisor of x and c.
9
Let f = 159 - 59. Let p(a) = a**3 - 3*a + 2. Let b be p(3). Calculate the greatest common divisor of f and b.
20
Suppose 3808 = 17*l + 11*l. What is the highest common factor of l and 8?
8
Suppose -2*r - 4*b + 1444 = 0, 7*b = -2*r + 6*b + 1441. What is the greatest common divisor of 54 and r?
18
Let s = 55 - 45. Suppose -24 = 7*g - 794. Calculate the highest common factor of g and s.
10
Let f(b) = -8*b - 72. Let l be f(-10). What is the greatest common factor of 172 and l?
4
Suppose 48*v - 45*v = 21. Calculate the highest common factor of v and 553.
7
Let a be 20/20 + 1 + 3. Suppose -q - a = -9. Calculate the highest common factor of 4 and q.
4
Suppose 23*p - 17*p - 384 = 0. Suppose -m + p = -q, -4*m - 3*q + 320 = m. Calculate the greatest common factor of m and 16.
16
Suppose 14*v - 9*v = 10. Let y = 102 + -33. Suppose 0 = -v*i + 5*t + 33, -5*i - t = -0 - y. What is the highest common factor of 7 and i?
7
Let z = 9 + 3. Let f(t) = t**3 + 7*t**2 + 3*t - 6. Let d be f(-4). Calculate the highest common factor of z and d.
6
Suppose 1 + 2 = -3*v. Let n be v + 2 - 1 - -1. Let b be (-2 - n) + (-4)/(-1). Calculate the highest common divisor of b and 7.
1
Let c(k) = 13*k + 308. Let d be c(-23). What is the greatest common divisor of 252 and d?
9
Let c(y) = y**2 + 12*y - 1. Let u be c(-12). Let g be 9/3 + u - 2. Let b = 6 - g. What is the highest common divisor of 12 and b?
6
Let y be 91/(-1)*(-600)/175. What is the highest common factor of 39 and y?
39
Suppose 0 = 11*n + 263 - 318. What is the greatest common divisor of 245 and n?
5
Let r(o) = o**2 - 10*o + 893. Let h be r(0). Calculate the greatest common factor of h and 47.
47
Let y = 200 + -195. Suppose -d + 3 = 3*t, t = d - 2*d - 1. What is the highest common factor of t and y?
1
Let k = 70 - 40. Suppose v + 3 = 2*v. What is the highest common divisor of k and v?
3
Suppose 4*o - 5*q - 183 = 0, -5*o + 280 - 58 = -4*q. Let g = -1 - -1. Suppose g*y = 4*y - 28. What is the greatest common factor of o and y?
7
Let x = 1072 - 1071. Calculate the greatest common divisor of 130 and x.
1
Let h(v) be the first derivative of v**3/3 - 6*v**2 + v - 3. Let m be h(-7). Suppose -k + m = -46. What is the highest common factor of k and 20?
20
Let j = 257 - 236. What is the greatest common divisor of 161 and j?
7
Suppose 0 = -176*z + 192*z - 768. Calculate the highest common factor of z and 64.
16
Let j(i) = i**3 - i**2 - 11*i + 9. Let d be j(4). Let r be d - (12/8 - (-3)/2). What is the highest common divisor of 10 and r?
10
Suppose -5 = u - 3*t, -3*t = -2*u + 2*t - 14. Let q = u + 18. Suppose -2*v - q = -29. What is the greatest common factor of v and 2?
2
Suppose 3*g - 17 + 2 = 0. Let z(p) = p**3 - 2*p**2 - 27*p + 3. Let k be z(-4). What is the highest common factor of g and k?
5
Let b(i) = 2*i - 5. Let d = 7 - -1. Let r be b(d). Calculate the greatest common factor of r and 33.
11
Suppose -2*w = 3*w - 125. Let l = 115 - 105. Calculate the greatest common divisor of l and w.
5
Let w(d) = -16*d + 10. Let n be w(1). Let k be (-10)/(-30) - 34/n. What is the highest common divisor of k and 6?
6
Let p(y) = y**3 + 6*y**2 - 2*y - 9. Let s be p(-4). Let a be 193/(-4) + 4/16. Let o = a + 79. What is the highest common factor of o and s?
31
Suppose 2*r = 63 - 1. Suppose 3*a = 15, 100 = -5*c + a + 370. Let m = c - r. Calculate the highest common factor of m and 12.
12
Let v(m) = m**3 - 7*m**2 + 4*m - 21. Let s be v(9). What is the highest common factor of 3 and s?
3
Let o(a) = -a - 17. Let v be o(0). Let x be (-14)/(-8)*(-5 - v). What is the greatest common factor of 3 and x?
3
Let v = 10 - 6. Suppose -4*u = v*j + 16, -3*j + j - 18 = 4*u. Let b be -30*(1/2 - j). What is the highest common factor of 6 and b?
3
Suppose 0 = -32*o + 17*o + 1560. What is the highest common factor of o and 8?
8
Suppose 23*h = 2*k + 18*h - 224, 5*k = -h + 560. What is the highest common divisor of 80 and k?
16
Let l(q) = 161*q**3 + q**2 - q + 1. Let p be l(1). Let k be 22 + (1/(-6) - (-69)/(-18)). What is the greatest common divisor of p and k?
18
Let u = 16 + 314. What is the highest common factor of 726 and u?
66
Suppose 0 = -4*d - 0 + 20. Suppose -76 = -d*o + 4. Calculate the greatest common divisor of o and 64.
16
Let j = -733 - -702. Let z be (-58)/4*(0 - -2). Let u = z - j. Calculate the greatest common divisor of u and 16.
2
Suppose 0 = -6*s + 1119 - 69. Suppose 3*h = 208 - s. What is the greatest common factor of h and 44?
11
Let z be 45/30*(1 - -29*7). Suppose 2*d - 4*k = 68, -5*d + 4*k + 110 + 60 = 0. Calculate the highest common divisor of z and d.
34
Suppose 5*w = 15 - 5. Suppose w*h - 22 = -0*h. Suppose -3 = f - h. Calculate the highest common factor of 20 and f.
4
Let v(n) = -2*n + 2. Let o be v(-4). Let t = 11 + o. Let z = t - 13. What is the greatest common divisor of z and 88?
8
Let i = -1103 + 1316. Calculate the highest common factor of 781 and i.
71
Let s(n) = -4*n**2 - 4*n - 15. Let y be s(-6). Let v be (-9)/(y/10)*24. What is the highest common factor of 128 and v?
16
Suppose -12 = -3*b - 0, -5*b = 4*n - 68. Suppose 4*y + 3*x - 911 = 4*x, 4*x = -n. Suppose -y = -5*i + 93. Calculate the highest common divisor of i and 8.
8
Let z = 40 + -21. Let n = 47 - z. What is the greatest common factor of 28 and n?
28
Suppose y = 2*p - 5, 4*y = 2*p + 4 - 12. Suppose -r + 9 = p*r. Suppose m + r*v - 99 = 0, 80 = m - 5*v - 19. What is the greatest common divisor of m and 9?
9
Let s be 37/3 + 4/(-12). Suppose 2*p + 4*p = s. Calculate the highest common factor of 12 and p.
2
Suppose 16*n = 18*n - l - 96, -n + 3*l + 48 = 0. Let p(d) = -d**3 + 8*d**2 + 6. Let o be p(8). Calculate the greatest common divisor of o and n.
6
Let c(x) = -31*x**3 - x**2. Let m be c(-1). What is the highest common factor of m and 510?
30
Let l(m) = 22*m**2 + m + 1. Let j be l(-1). Suppose 2*h = a + 180, -59*h - 344 = -63*h - 2*a. What is the greatest common divisor of h and j?
22
Suppose 4*j - 46 = -3*q, -3*q + 3*j = -31 - 8. Calculate the greatest common factor of q and 42.
14
Let n(f) = -f**3 + 24*f**2 + 92*f + 34. Let c be n(26). Calculate the highest common divisor of c and 12.
6
Let o be 2*(2 - 3) - -5. Suppose 2*a = 3*a - o. Let i = 1 + a. What is the greatest common divisor of i and 44?
4
Let n(o) = 20*o + 104. Let g be n(-4). Calculate the greatest common factor of g and 888.
24
Suppose p = 4*p - 78. Suppose 30*h = 27*h + 234. Calculate the highest common divisor of h and p.
26
Let u = 24 + 0. Let j(l) = -l**2 + 17*l. Let f be j(8). What is the greatest common factor of u and f?
24
Let w = 348 - 330. Suppose y - 4*f = -3*y + 68, 3*y - 26 = -2*f. What is the greatest common factor of w and y?
6
Let m(d) = -d**3 - 8*d**2 + 12*d - 3. Let f be m(-9). Let t = 46 + f. What is the highest common factor of 176 and t?
16
Let d be -13*((-10)/(-15))/(8/(-132)). Calculate the highest common factor of 11 and d.
11
Let c be (40/80)/((-2)/(-212)). Calculate the greatest common factor of 159 and c.
53
Suppose -2 - 4 = -p. Suppose -42 = -9*j + p*j. Suppose -2*t + 4 = -2*k - 8, -t = -3*k - j. Calculate the greatest common factor of 1 and t.
1
Suppose 4 = z - 2. Let c = -12 + z. Let d be (3 + 22/c)*-96. Calculate the greatest common divisor of 160 and d.
32
Let o(m) = m**3 + 17*m**2 - 22*m - 65. Let p be o(-18). What is the greatest common factor of p and